685?
5, 2391737
What are the prime factors of 20659402?
2, 1777, 5813
What are the prime factors of 389339?
139, 2801
What are the prime factors of 192883?
192883
List the prime factors of 1805321.
7, 257903
What are the prime factors of 96254?
2, 17, 19, 149
List the prime factors of 2737904.
2, 13, 13163
List the prime factors of 8375660.
2, 5, 418783
What are the prime factors of 1743685?
5, 61, 5717
List the prime factors of 3318189.
3, 7, 158009
What are the prime factors of 68451?
3, 22817
What are the prime factors of 17915?
5, 3583
What are the prime factors of 193055?
5, 38611
List the prime factors of 25027911.
3, 79, 35201
What are the prime factors of 3793740?
2, 3, 5, 53, 1193
List the prime factors of 5415650.
2, 5, 89, 1217
What are the prime factors of 46722?
2, 3, 13, 599
List the prime factors of 382089.
3, 127363
List the prime factors of 3775348.
2, 943837
What are the prime factors of 439878?
2, 3, 167, 439
What are the prime factors of 398100?
2, 3, 5, 1327
List the prime factors of 7495498.
2, 3747749
List the prime factors of 343396.
2, 293
List the prime factors of 4750250.
2, 5, 19001
List the prime factors of 11346000.
2, 3, 5, 31, 61
List the prime factors of 252296.
2, 11, 47, 61
List the prime factors of 29884191.
3, 9961397
What are the prime factors of 2331759?
3, 491, 1583
What are the prime factors of 4281111?
3, 475679
List the prime factors of 178305.
3, 5, 11887
List the prime factors of 23376.
2, 3, 487
List the prime factors of 3632521.
3632521
What are the prime factors of 419815?
5, 11, 17, 449
What are the prime factors of 480555?
3, 5, 59, 181
What are the prime factors of 59900?
2, 5, 599
What are the prime factors of 1082580?
2, 3, 5, 18043
List the prime factors of 935262.
2, 3, 223, 233
List the prime factors of 948399.
3, 316133
What are the prime factors of 2936011?
13, 449, 503
What are the prime factors of 411676?
2, 101, 1019
List the prime factors of 32723.
43, 761
What are the prime factors of 1093809?
3, 149, 2447
List the prime factors of 141260.
2, 5, 7, 1009
What are the prime factors of 272281?
29, 41, 229
List the prime factors of 7535235.
3, 5, 37, 13577
List the prime factors of 15910075.
5, 636403
What are the prime factors of 8951039?
8951039
What are the prime factors of 4524925?
5, 47, 3851
What are the prime factors of 19070440?
2, 5, 491, 971
What are the prime factors of 787244?
2, 23, 43, 199
What are the prime factors of 302924?
2, 75731
What are the prime factors of 1202191?
1202191
What are the prime factors of 5071370?
2, 5, 507137
List the prime factors of 1394905.
5, 278981
What are the prime factors of 51566?
2, 19, 23, 59
What are the prime factors of 2892110?
2, 5, 13, 22247
What are the prime factors of 7561294?
2, 13, 17, 17107
What are the prime factors of 11561545?
5, 89, 25981
List the prime factors of 565229.
7, 80747
What are the prime factors of 82259?
43, 1913
What are the prime factors of 212277?
3, 13, 5443
List the prime factors of 26712227.
26712227
What are the prime factors of 2395297?
83, 28859
What are the prime factors of 42807?
3, 19, 751
What are the prime factors of 17216376?
2, 3, 17, 42197
What are the prime factors of 2965088?
2, 7, 31, 61
List the prime factors of 472360.
2, 5, 7, 241
List the prime factors of 162646.
2, 11, 7393
List the prime factors of 9278084.
2, 2319521
List the prime factors of 343785.
3, 5, 13, 41, 43
What are the prime factors of 246748?
2, 61687
List the prime factors of 1233089.
11, 13, 8623
List the prime factors of 183499.
183499
What are the prime factors of 421325?
5, 19, 887
What are the prime factors of 631293?
3, 13, 16187
What are the prime factors of 2230365?
3, 5, 148691
What are the prime factors of 74722?
2, 37361
List the prime factors of 1873392.
2, 3, 31, 1259
What are the prime factors of 102248?
2, 12781
List the prime factors of 1181644.
2, 295411
List the prime factors of 1612296.
2, 3, 7, 457
List the prime factors of 6517885.
5, 11, 17, 6971
List the prime factors of 17534004.
2, 3, 17, 23, 37, 101
What are the prime factors of 1452501?
3, 199, 811
What are the prime factors of 193517?
29, 6673
List the prime factors of 4824274.
2, 7, 13, 2039
What are the prime factors of 307858?
2, 153929
List the prime factors of 386982.
2, 3, 21499
List the prime factors of 10498243.
7, 31, 101, 479
List the prime factors of 549464.
2, 68683
List the prime factors of 470051.
23, 107, 191
List the prime factors of 23496.
2, 3, 11, 89
List the prime factors of 54381.
3, 18127
What are the prime factors of 2946146?
2, 7, 127, 1657
What are the prime factors of 26344484?
2, 6586121
List the prime factors of 13970.
2, 5, 11, 127
List the prime factors of 11621508.
2, 3, 968459
List the prime factors of 1697078.
2, 23, 79, 467
List the prime factors of 120107.
13, 9239
List the prime factors of 22517906.
2, 61, 379, 487
List the prime factors of 3114286.
2, 7, 181, 1229
What are the prime factors of 20591327?
347, 59341
What are the prime factors of 1879995?
3, 5, 13, 31, 311
What are the prime factors of 201762?
2, 3, 11, 1019
List the prime factors of 1347107.
389, 3463
What are the prime factors of 16250341?
1733, 9377
What are the prime factors of 256357?
269, 953
List the prime factors of 4746681.
3, 58601
What are the prime factors of 23947382?
2, 281, 42611
What are the prime factors of 4330088?
2, 7, 77323
What are the prime factors of 2177765?
5, 435553
List the prime factors of 4057304.
2, 507163
What are the prime factors of 2753571?
3, 89, 10313
List the prime factors of 532879.
151, 3529
List the prime factors of 360063.
3, 11, 3637
List the prime factors of 54437.
54437
What are the prime factors of 1936131?
3, 139, 4643
What are the prime factors of 66352?
2, 11, 13, 29
What are the prime factors of 5715638?
2, 17, 23, 7309
What are the prime factors of 341221?
19, 17959
List the prime factors of 9219131.
9219131
List the prime factors of 37069024.
2, 1158407
List the prime factors of 1435780.
2, 5, 71789
List the prime factors of 5730518.
2, 2865259
List the prime factors of 731086.
2, 43, 8501
What are the prime factors of 149839?
149839
List the prime factors of 264052.
2, 251, 263
List the prime factors of 1242701.
251, 4951
What are the prime factors of 428352?
2, 3, 23, 97
What are the prime factors of 2173071?
3, 227, 3191
What are the prime factors of 12280690?
2, 5, 103, 11923
List the prime factors of 106988.
2, 7, 3821
List the prime factors of 624741.
3, 13, 83, 193
What are the prime factors of 49551?
3, 83, 199
List the prime factors of 7019228.
2, 1117, 1571
List the prime factors of 533489.
11, 4409
What are the prime factors of 1997756?
2, 499439
What are the prime factors of 3947674?
2, 23, 85819
List the prime factors of 27207172.
2, 47, 144719
List the prime factors of 2732571.
3, 303619
List the prime factors of 5155162.
2, 97, 26573
List the prime factors of 92680.
2, 5, 7, 331
What are the prime factors of 177783?
3, 19, 3119
What are the prime factors of 220235?
5, 17, 2591
List the prime factors of 424479.
3, 11, 19, 677
List the prime factors of 92676.
2, 3, 7723
What are the prime factors of 11014523?
13, 847271
List the prime factors of 9058828.
2, 2264707
List the prime factors of 260145.
3, 5, 41, 47
What are the prime factors of 5170060?
2, 5, 7, 36929
List the prime factors of 11751007.
11751007
What are the prime factors of 2700464?
2, 13, 12983
List the prime factors of 367010.
2, 5, 7, 107
What are the prime factors of 135103?
167, 809
List the prime factors of 214355.
5, 43, 997
List the prime factors of 349535.
5, 53, 1319
What are the prime factors of 2681567?
7, 383081
What are the prime factors of 619495?
5, 19, 6521
List the prime factors of 2893686.
2, 3, 482281
What are the prime factors of 1736695?
5, 19, 101, 181
What are the prime factors of 262426?
2, 131213
What are the prime factors of 9029013?
3, 7, 429953
What are the prime factors of 2773?
47, 59
List the prime factors of 122330.
2, 5, 13, 941
What are the prime factors of 8276774?
2, 11, 29, 12973
What are the prime factors of 876231?
3, 17, 23, 83
List the prime factors of 1565702.
2, 23, 101, 337
What are the prime factors of 356634?
2, 3, 19813
What are the prime factors of 328187?
19, 23